ose 0*g - 150 = -2*g + 4*l, 78 = g - l. Let o = g + -79. Let s(d) = -2*d - 2 + 4 + 5*d**3 + d**o + 7*d**3 - 13*d**3. Give s(2).
-6
Let y be (-56 - -49)/(-1 + 0) + 1/(-1). Let d(c) = c**3 - 5*c**2 - c - 18. Give d(y).
12
Let s(q) = -q**3 - 8*q**2 + 4. Let t be s(-8). Suppose t*v + 40 = 8*v. Let f(y) = y**2 - 11*y + 3. Determine f(v).
-7
Let m(t) = t. Let h(u) be the first derivative of u**3/3 + 9*u**2/2 + 11*u + 2. Let v(z) = -h(z) - 2*m(z). Let l(w) = 5*w - 9. Let o be l(0). Determine v(o).
7
Let t be -4*1/(-6)*(-261)/(-58). Suppose 3*x + 3*m = 18, 0 = -t*x + m + 4*m + 26. Let z(q) = -5*q + 33. Calculate z(x).
-2
Let d be 52*((-2)/72 + (-302)/1359). Let y(j) = j - 36. Calculate y(d).
-49
Let k(x) = 50*x**3 + 85*x**2 + 30*x + 11. Let v(m) = -162*m**3 - 257*m**2 - 88*m - 34. Let j(t) = -13*k(t) - 4*v(t). Give j(-38).
-7
Let b(r) = 394 - 130 - 130 + 3*r - 128. Suppose o - 1 = -5. What is b(o)?
-6
Let t = -162 + 157. Let m(u) be the third derivative of u**5/60 + 5*u**4/24 + u**3/2 + 18*u**2. Determine m(t).
3
Let z(c) = 4*c**2 + 22*c + 166. Let l(t) = 2*t + 21. Let s(f) = -8*l(f) + z(f). Calculate s(2).
26
Let b(i) = 2*i**2 - i + 1. Suppose -42 = -4*v - 4*z - 46, 0 = -z + 4. Let a(k) = -2*k**2 + 6*k - 7. Let f(w) = v*b(w) - a(w). Determine f(1).
-7
Let n(w) be the first derivative of 6*w**2 + 19*w - 6. Let b(h) = -5*h - 9. Let k(d) = 7*b(d) + 3*n(d). Let o be 6 + 0*(-4)/(-20). What is k(o)?
0
Suppose 1479*v + 960 = 1499*v. Let y(a) be the first derivative of 1/2*a**2 - 4*a - v. What is y(5)?
1
Suppose -5*l = 0, 4*l = 10*d - 6*d - 8. Let v(r) = -28*r**2 + 6 + 26*r**2 + 7*r + 3*r**d. Give v(-4).
-6
Let n(g) = g - 4. Let r be n(5). Let y(i) = -r - 4*i + 3*i**2 - 2*i**2 - 2*i**2. Let v(c) = c**2 - 37*c + 33. Let f be v(36). Give y(f).
2
Let f be 7 - -1 - 4/8*8. Let r(b) = 5*b**3 + 2*b**2 + 4*b + 3. Let n(j) = 11*j**3 + 3*j**2 + 9*j + 5. Let k(x) = f*n(x) - 9*r(x). Calculate k(-6).
-7
Let q(i) = -2 + 7 - i**3 - 139297*i + 139271*i - 26 - 14*i**2. What is q(-12)?
3
Let a(f) = -f**2 - 3*f + 10. Let s be a(-7). Let o be (18 - s) + 2 + 0. Let z(r) = -o + 39 + 7*r - r. What is z(1)?
7
Let v be -8 - -10*(-12)/(-30). Let s be 20 + (-6 - v - 1/(-1)). Let f(a) = 3*a - 56. Calculate f(s).
1
Let u(p) = -p**2 + 13*p. Let o be u(13). Suppose 4*w + 8 = 4*c - o*c, -c + 4 = -2*w. Let m(k) = -k - 8. Give m(c).
-8
Let t(z) = -5 + 77*z**2 + 2*z - 16 + 3 - 76*z**2. Give t(5).
17
Let z(p) = 2*p**3 - 27*p**2 - 506*p + 48. Let a be z(24). Suppose -4*d = 2*b, -d + 7*b + 22 = 2*b. Let i(v) = 3*v - 2*v + d + 1. Calculate i(a).
3
Let g(m) be the first derivative of m**4/4 - 7*m**3/3 - 10*m**2 + m - 2058. Give g(9).
-17
Let g(w) = 11*w - 102. Suppose -3*j = -3*l + 45, 0 = -3*l - 5*j + 22 - 25. Give g(l).
-3
Let x(q) be the second derivative of q**4 + 5*q**3/6 - 2*q**2 - 3152*q. Calculate x(3).
119
Let p(a) = -2724*a - 27234. Let n be p(-10). Let l(m) = -5*m - 2. Let d(z) = 10*z + 4. Let o(g) = 6*d(g) + 13*l(g). Give o(n).
-32
Let f(v) = -v**3 - 6*v**2 - 11*v - 10. Let l be f(-4). Let j(d) = d**3 + 0*d + 3*d + 7*d**l - 10 - 4*d. Let b be j(-7). Let s(q) = 3*q + 1. Calculate s(b).
-8
Let q(t) = -t**3 + t**2 - t. Suppose -2*k = -2*m - 6, 2*k - 2*m = -3*k + 3. Let h(x) = 7*x**3 + 7*x + 3. Let z(w) = k*h(w) - 6*q(w). Give z(-5).
-23
Let w(r) = r**3 + 3*r**2 - 11*r - 4. Let m(c) = -c**2 - 2*c + 17. Let o be m(-5). Determine w(o).
-6
Let p(s) = -3. Let n(i) = -8. Let v(x) = -5*n(x) + 14*p(x). Let m(t) = -t - 5. Let o(l) = m(l) - 2*v(l). Calculate o(-1).
0
Let x(h) be the first derivative of h**4/4 - h**3 + 4*h**2 - 13*h + 4118. Determine x(5).
77
Let i(h) = -h**2 + 34. Let s(a) = -16*a + 1927. Let c be s(120). Determine i(c).
-15
Suppose 169*i = 168*i + 16. Let t(f) be the second derivative of -1/6*f**3 + 0 - 5/2*f**2 - i*f. Give t(-6).
1
Let a(d) be the third derivative of -d**4/12 + 6*d**3 - d**2 - 3697. What is a(21)?
-6
Let c(a) = 54 + 52 + 60 - 176 + a. Let x(s) = -s**2 - 11*s + 10. Let j be x(-11). Calculate c(j).
0
Let l(j) = -412*j - 4950. Let k be l(-12). Let m(p) = p**3 + 4*p**2 - 11*p + 10. Give m(k).
4
Let q be (-3 + 108/28)/((-2)/(-112)). Let r = q + -39. Let d(b) = -2*b + 14. Let c be d(r). Let j(g) = -g + 3. Calculate j(c).
7
Let s(y) = -y**2 + y + 1. Let l(n) = 7*n**2 - 12*n - 3. Let m(v) = l(v) + 6*s(v). Let o = 77 - 69. Let a = 14 - o. What is m(a)?
3
Let u(f) be the third derivative of f**4/6 + 23*f**3/2 - 91*f**2 - 1. Calculate u(-19).
-7
Let s be ((-24)/20)/((-2)/215). Let l = s + -90. Let x = -42 + l. Let g(a) = -5*a - 2. Calculate g(x).
13
Let k(h) be the third derivative of 5 + 1/120*h**6 + 4*h**2 - 1/6*h**3 + 1/24*h**4 + 0*h - 2/15*h**5. Determine k(8).
7
Let b(z) = 23*z + 29. Let x(d) = 14*d + 14. Let j(q) = q. Let y(g) = 3*j(g) - x(g). Let m(l) = 6*b(l) + 13*y(l). Determine m(-6).
22
Let v(a) be the second derivative of a**5/20 + 2*a**4/3 - a**3/6 + 5*a**2/2 - a + 326. Give v(-8).
13
Let x = -103 + 102. Let f(a) = -49*a**3 + 9*a**2 - 5*a - 5. Let c(s) = 12*s**3 - 2*s**2 + s + 1. Let b(o) = -9*c(o) - 2*f(o). What is b(x)?
10
Let m(k) = 9*k**3 - 2*k**2 + 6*k - 6. Let y(t) = -7*t**3 - 4*t + 3. Let v(i) = 3*m(i) + 4*y(i). What is v(-6)?
-18
Let z(v) = -7*v**3 - v**2 - 16*v + 7. Let f(c) = 14*c + 9*c**3 - 3*c**3 - 6 + 29546*c**2 - 29546*c**2. Let k(b) = 6*f(b) + 5*z(b). Determine k(4).
-1
Let o(i) = -2*i**3 + 2*i**2 - 2*i + 1. Let w = 166 + -92. Suppose 5*v - 6*v = -c + w, 65 = -v - 2*c. Let x = v - -72. What is o(x)?
-1
Let n(l) be the second derivative of -l**6/180 - l**5/30 + 5*l**4/24 + 125*l**3/6 + l + 54. Let s(d) be the second derivative of n(d). Calculate s(2).
-11
Let q = 166 + -161. Let i(h) = 5*h**2 - 7*h + 5*h**3 + 5*h**3 - 4*h**3 + q - 5*h**3. What is i(-6)?
11
Let s(r) be the second derivative of 13*r**4/12 - r**3/6 - r**2 + 3*r + 10188. Suppose -6 + 1 = 5*x. Give s(x).
12
Let p(h) = -18*h**2 + 104*h + 2. Suppose 8*q = 4961 - 4913. Give p(q).
-22
Let x = -198 + 279. Suppose 20*z - x = -1. Let f(h) = -h**2 + 4*h - 7. Calculate f(z).
-7
Let c = -4 - -10. Let v(b) = -10*b**3 - 4*b**3 + 33*b - 51*b + 15*b**3 - 4*b**2 + 5*b + 7. What is v(c)?
1
Suppose 19*t = 24*t - 160. Suppose 0 = 3*m - 0*f + 2*f - t, -m + f = -19. Suppose 0 = m*r - 2*r - 48. Let i(h) = -h**3 + 3*h**2 + 6*h - 3. What is i(r)?
5
Suppose -2*z - 45 = -5*s + 28, -3*s - 185 = 4*z. Let t be (-2)/(z/8 + 6). Let n(b) = b**2 + 3*b + 3. What is n(t)?
7
Let x(s) = -6*s**2 + 23*s + 4. Suppose 93*z + 152 = 346 + 178. Determine x(z).
0
Let d(t) = 263543*t - 263541*t - 1 + 3. Calculate d(7).
16
Suppose 9*i + 38 = 17 - 33. Let o(s) = -3*s**2 - 1 - s**3 + s**2 - 4*s**2. Determine o(i).
-1
Let d(n) = n**3 - 3*n**2 - 8*n + 22. Let x be d(2). Let z(y) = -56*y + 3*y**x - 50*y + 109*y + 2 - 2*y**2. Determine z(-4).
6
Let z = -456 + 459. Let s(d) = -9*d**2 - d**3 + 0*d**2 + 2 + 15*d - 7*d - z*d. Calculate s(-9).
-43
Let j = 0 - 6. Let d(b) = b. Suppose -4*o + 2*o = -3*p + 20, p + 2*o - 4 = 0. Let t(a) = -4*a + 9. Let n(h) = p*d(h) + t(h). Calculate n(j).
-3
Suppose 18 = 9*s - 7*s. Let t = s - 7. Let l(q) = -11*q**3 + q**2 - 6*q + 17. Let a(o) = -4*o**3 - 2*o + 6. Let z(n) = -8*a(n) + 3*l(n). Determine z(t).
3
Let n(w) be the third derivative of -13/60*w**5 + 1/120*w**6 + 13/6*w**3 + 0*w - 5/8*w**4 + 0 - 46*w**2. Let c be n(14). Let d(f) = -4*f**2 + 1. Calculate d(c).
-3
Let p(d) = 8*d + 90*d**3 - 11 - 135*d**3 - 4*d**2 + 46*d**3. Calculate p(3).
4
Let b(p) = -p**2 - p - 1. Let v(n) = 3*n**2 + 5. Let c(f) = -6*b(f) - v(f). Let d(x) = -x - 8. Let i be d(-4). Calculate c(i).
25
Let k(p) = 85*p - 528. Let l(s) = 231*s - 1428. Let a(f) = 49*k(f) - 18*l(f). What is a(27)?
21
Let j(b) be the first derivative of -b**4/4 - b**2/2 - 2*b + 298. Suppose -3*t = -h - 5 + 1, -t + 2*h = -8. Give j(t).
-2
Suppose 4*j - 1 = s - 0*j, -2*j = -3*s + 17. Let b(c) = -195*c - 1 + 194*c - s. Let p(q) = 2*q**3 + 56*q**2 + 7. Let w be p(-28). Give b(w).
-15
Let u = 888 - 894. Let l be 2/u + 0 + (-589)/(-93). Let g(t) = -t**2 + 8*t - 3. Give g(l).
9
Let r(g) = g**3 + 7*g**2 + 20*g + 9. Let s be r(-4). Let n = 23 + s. Let z(k) be the third derivative of k**5/60 + 3*k**3 - 5*k**2. Give z(n).
18
Let v(g) be the first derivative of -11*g**4/4 - g**3/3 - g**2/2 + g - 2233. What is v(1)?
-12
Suppose 5*k - 3 - 12 = 0. Let a(x) = 2*x**2 - 5